?
True
Is 6017111 prime?
True
Is 43931347 a composite number?
True
Is 43047821 a composite number?
False
Is 11924611 a prime number?
True
Is 66322121 prime?
True
Is 195023627 a prime number?
False
Is 36572665 prime?
False
Is 142867589 composite?
False
Is 87774371 prime?
False
Is 36796213 prime?
True
Is 9067229 a composite number?
False
Is 18832969 prime?
False
Is 20138707 prime?
True
Is 531121 prime?
True
Is 11647979 composite?
True
Is 2539091 composite?
True
Is 159572863 composite?
True
Is 84913441 a prime number?
True
Is 215293061 prime?
True
Is 22064143 composite?
True
Is 123924379 a composite number?
False
Is 11333039 prime?
False
Is 85452205 a composite number?
True
Is 392545 a composite number?
True
Is 1195421 a composite number?
False
Is 87240667 composite?
False
Is 797683 a prime number?
False
Is 1966123 a prime number?
True
Is 35861003 prime?
True
Is 5045827 prime?
True
Is 10431419 a prime number?
True
Is 6039469 prime?
False
Is 9190751 a composite number?
False
Is 287099 a prime number?
True
Is 2493551 a prime number?
True
Is 191972527 a composite number?
False
Is 30371771 a composite number?
False
Is 5555933 a prime number?
False
Is 1896761 a prime number?
True
Is 327797779 a prime number?
False
Is 81253831 a composite number?
True
Is 172862497 prime?
False
Is 437719 composite?
False
Is 36087101 a composite number?
False
Is 12473333 a prime number?
False
Is 20802233 composite?
False
Is 4411853 a composite number?
True
Is 7962803 prime?
False
Is 8575381 composite?
True
Is 34089683 a composite number?
False
Is 1234309 prime?
True
Is 19751311 prime?
True
Is 12751643 a prime number?
False
Is 19307489 a prime number?
True
Is 4178767 prime?
True
Is 3363883 a prime number?
True
Is 253797785 prime?
False
Is 8469233 a composite number?
False
Is 1650059 a prime number?
True
Is 23133109 composite?
False
Is 5828215 a composite number?
True
Is 3744941 prime?
True
Is 433988779 composite?
True
Is 1982521 prime?
True
Is 3069073 a prime number?
False
Is 164081527 composite?
True
Is 216289 a composite number?
False
Is 1115005879 a composite number?
True
Is 324742987 prime?
False
Is 3451849 prime?
False
Is 1517507 composite?
False
Is 1655873 composite?
False
Is 841901947 composite?
False
Is 50272789 prime?
False
Is 48336809 a composite number?
False
Is 42250277 a composite number?
False
Is 2943647 prime?
False
Is 20973071 a composite number?
True
Is 148445603 a prime number?
True
Is 28757207 prime?
True
Is 18080833 composite?
True
Is 5523469 prime?
False
Is 115500223 a composite number?
False
Is 1328542 composite?
True
Is 6610469 composite?
False
Is 46157777 composite?
True
Is 484397 prime?
True
Is 11852957 prime?
True
Is 5765779 a composite number?
False
Is 4910287 composite?
False
Is 177656839 a prime number?
False
Is 2722729 a prime number?
True
Is 329243417 composite?
False
Is 1846909 composite?
False
Is 4289213 composite?
False
Is 66721817 a composite number?
True
Is 2591609 prime?
True
Is 9679267 a composite number?
True
Is 140615362 a prime number?
False
Is 10483313 prime?
True
Is 2397509 composite?
True
Is 4042891 a composite number?
False
Is 328667 prime?
True
Is 330461429 a composite number?
True
Is 102783419 a prime number?
True
Is 3012169 a prime number?
True
Is 93007067 prime?
True
Is 20992333 a composite number?
False
Is 3433543 prime?
True
Is 4524239 a composite number?
True
Is 313907 a composite number?
True
Is 5844581 prime?
True
Is 3645617 prime?
False
Is 144234778 a prime number?
False
Is 5560383 composite?
True
Is 3369673 a prime number?
False
Is 958259 composite?
False
Is 3062189 a prime number?
False
Is 42623087 a prime number?
False
Is 100179349 prime?
True
Is 395158759 a composite number?
False
Is 1713317 prime?
True
Is 69179179 prime?
True
Is 913483 composite?
False
Is 5467453 composite?
True
Is 45846271 a composite number?
False
Is 2161 a composite number?
False
Is 5107198 composite?
True
Is 69827773 a prime number?
True
Is 31909747 prime?
True
Is 5494747 prime?
True
Is 131480339 prime?
False
Is 137808607 prime?
True
Is 3582809 a composite number?
False
Is 115996597 a prime number?
True
Is 805921 a composite number?
True
Is 190279 a composite number?
True
Is 3968117 prime?
False
Is 3726579 a composite number?
True
Is 18611903 prime?
True
Is 7329559 composite?
False
Is 3540301 a composite number?
True
Is 26220731 a prime number?
False
Is 10260683 a composite number?
False
Is 12097 a prime number?
True
Is 36391697 composite?
False
Is 78443413 prime?
True
Is 1106087 prime?
True
Is 31360633 composite?
True
Is 200274689 a composite number?
False
Is 158126981 composite?
False
Is 151104299 composite?
False
Is 10612813 prime?
False
Is 10358311 a composite number?
False
Is 429287857 prime?
True
Is 320392921 a prime number?
False
Is 103513622 a composite number?
True
Is 37482187 composite?
False
Is 1240607 prime?
True
Is 17843447 a prime number?
False
Is 2873023 composite?
False
Is 27401213 a prime number?
False
Is 2579287 composite?
False
Is 84137969 a prime number?
False
Is 14275013 composite?
False
Is 8791193 a prime number?
False
Is 48108397 composite?
False
Is 513218917 prime?
True
Is 152023 composite?
True
Is 18479353 a composite number?
False
Is 90061131 a prime number?
False
Is 221836738 a prime number?
False
Is 118829 a prime number?
False
Is 6301903 a composite number?
True
Is 60798433 composite?
False
Is 952363 a prime number?
True
Is 21602807 a composite number?
False
Is 80881649 a prime number?
False
Is 492643 a prime number?
False
Is 504083 a composite number?
True
Is 248185173 prime?
False
Is 31953521 prime?
True
Is 4681805 prime?
False
Is 2736309 a prime number?
False
Is 1351373 a composite number?
False
Is 519544351 prime?
True
Is 1755115 a composite number?
True
Is 3444799 a prime number?
True
Is 4646827 composite?
True
Is 211848127 composite?
False
Is 785562587 a composite number?
False
Is 14316391 a composite number?
False
Is 947573702 a composite number?
True
Is 260082785 a composite number?
True
Is 6970123 a composite number?
True
Is 13478423 composite?
True
Is 136929502 composite?
True
Is 21536497 a composite number?
True
Is 7549337 a composite number?
True
Is 8284363 composite?
False
Is 29118853 a prime number?
True
Is 12688303 composite?
False
Is 168811 composite?
True
Is 26632181 composite?
False
Is 4957637 composite?
True
Is 5817155 composite?
True
Is 84656287 prime?
False
Is 2250559 composite?
False
Is 181956633 prime?
False
Is 11952133 a composite number?
False
Is 46455173 a composite number?
True
Is 5227093 a composite number?
False
Is 5379317 a composite number?
True
Is 7596665 a composite number?
True
Is 4717379 composite?
True
Is 890726 a prime number?
False
Is 24184769 composite?
True
Is 301837 composite?
True
Is 9330539 composite?
True
Is 39839 a prime number?
True
Is 12980013 prime?
False
Is 901627037 a prime number?
False
Is 10088557 prime?
True
Is 517985283 a composite number?
True
Is 9451399 a composite number?
True
Is 3029071 a prime number?
True
Is 43187135 composite?
True
Is 68735833 prime?
True
Is 448944571 prime?
True
Is 21313037 a prime number?
True
Is 36973 a prime number?
True
Is 2955047 a composite number?
False
Is 57552559 composite?
True
Is 92931083 prime?
False
Is 1489439 a composite number?
True
Is 64451921 composite?
True
Is 2647607 composite?
False
Is 34733183 prime?
True
Is 12597527 a prime number?
False
Is 890563 prime?
True
Is 58681421 prime?
False
Is 98206 prime?
False
Is 9866213 a composite number?
True
Is 2242498 a prime number?
False
Is 104869 a prime number?
True
Is 12129605 prime?
False
Is 23854679 a prime number?
False
Is 19733111 prime?
True
Is 512130499 prime?
False
Is 10302681 prime?
False
Is 5196731 composite?
False
Is 2097143 prime?
True
Is 4406563 prime?
False
Is 4368761 prime?
True
Is 1217729 a composite number?
True
Is 9526339 a prime number?
True
Is 174828419 a composite number?
False
Is 421866565 prime?
False
Is 21788213 a composite number?
True
Is 24695245 a composite number?
True
Is 23838421 a composite number?
False
Is 168995755 a prime number?
False
Is 6709553 composite?
False
Is 181170707 composite?
True
Is 8507977 composite?
True
Is 196089071 prime?
True
Is 2753629 a composite number?
True
Is 1081585 composite?
True
Is 5493643 prime?
False
Is 23523883 